{"id":57,"date":"2021-05-13T19:50:04","date_gmt":"2021-05-13T17:50:04","guid":{"rendered":"https:\/\/diessldesign.de\/?page_id=57"},"modified":"2022-02-06T17:26:11","modified_gmt":"2022-02-06T16:26:11","slug":"lebens-gestaltung","status":"publish","type":"page","link":"https:\/\/diessldesign.de\/index.php\/lebens-gestaltung\/","title":{"rendered":"Lebens-Gestaltung"},"content":{"rendered":"\n<p><\/p>\n\n\n\n<div class=\"wp-block-columns is-layout-flex wp-container-core-columns-is-layout-9d6595d7 wp-block-columns-is-layout-flex\">\n<div class=\"wp-block-column is-layout-flow wp-block-column-is-layout-flow\" style=\"flex-basis:25%\"><\/div>\n\n\n\n<div class=\"wp-block-column is-layout-flow wp-block-column-is-layout-flow\" style=\"flex-basis:50%\">\n<p class=\"has-text-color\" style=\"color:#02adf7;line-height:1.3\"><strong><em>Werde zum aktiven Gestalter Deines Lebens!<\/em><\/strong><\/p>\n\n\n\n<p class=\"has-blue-color has-text-color\" style=\"line-height:1.3\">&#8222;<em>Leben ist Spiel und Spiel ist Leben!&#8220;<sub>  <\/sub><\/em><br><em><sub>[Walter St\u00fctzle]<\/sub><\/em><\/p>\n\n\n\n<p class=\"has-blue-color has-text-color\" style=\"line-height:1.3\"><strong>Meine Methode ist f\u00fcr alle Menschen gedacht, die<\/strong><\/p>\n\n\n\n<ul class=\"has-blue-color has-text-color wp-block-list\"><li>Bedenken, Zweifel und \u00c4ngste haben und deren Lebensflu\u00df ins Stocken geraten ist.<\/li><li>Lebensblockaden erkennen und L\u00f6sungsans\u00e4tze finden m\u00f6chten.<\/li><li>ihre Lebens-Ziele entdecken und umsetzen m\u00f6chten, <br>\u201eLebens-Entwicklung\u201c.<\/li><li>ihre neue Lebensphase, ihre Visionen und Ideen zielsicher <br>planen und gestalten m\u00f6chten.<\/li><li>Jugendlichen, die sich fragen:<br>&#8211; Wo geht meine Reise hin?<br>&#8211; Habe ich eine Berufung?<\/li><\/ul>\n\n\n\n<p style=\"line-height:1.3\"><mark style=\"background-color:rgba(0, 0, 0, 0)\" class=\"has-inline-color has-green-color\"><em>\u201eWer kommt schon auf die Idee, dass der Beruf oder gar das ganze Leben ein vergn\u00fcgliches Spiel sein k\u00f6nnte?\u201c<\/em> <\/mark><br><mark style=\"background-color:rgba(0, 0, 0, 0)\" class=\"has-inline-color has-green-color\"><em><sub>[Walter St\u00fctzle]<\/sub><\/em><\/mark><\/p>\n\n\n\n<p class=\"has-blue-color has-text-color\" style=\"line-height:1.3\"><strong>Sie sind motiviert, mutig und m\u00f6chten voller Tatendrang loslegen?<\/strong><\/p>\n\n\n\n<ol type=\"1\" class=\"has-blue-color has-text-color wp-block-list\"><li>Beim ersten Findungsgespr\u00e4ch (kostenfrei) erz\u00e4hlen Sie, was Sie derzeit bewegt. Bei Interesse erkl\u00e4re ich Ihnen die weiteren m\u00f6glichen Schritte und die Arbeitsweise.<\/li><li>Wenn wir uns gegenseitig sympathisch finden und Ihr Interesse und Tatendrang weiterhin anh\u00e4lt, folgt ein Brainstorming. Sie antworten auf Fragen und dadurch reflektieren Sie Ihre einzelnen Lebensbereiche.<\/li><li>Auswertung Ihrer Potenziale, F\u00e4higkeiten, Lebensbereiche, evtl. Irritationen und Blockaden.<\/li><li>Zielfindung: Ziele und das Hauptlebensziel (Basisziel) werden betrachtet, ausgewertet, neu geordnet und festgelegt. Oft hat man infolge von Lebensumst\u00e4nden sein Basisziel aus dem Bewusstsein verloren. Wenn gegenw\u00e4rtige Ziele und das Basisziel stark voneinander abweichen, kann es zu Irritationen kommen.<\/li><li>Eine konkrete Zielentwicklung schafft neue Perspektiven und entfaltet Kr\u00e4fte, um wieder aktiv sein Leben zu gestalten und sich an seinen Resultaten freuen zu k\u00f6nnen.<\/li><\/ol>\n\n\n\n<p class=\"has-blue-color has-text-color\" style=\"line-height:1.3\">Ihr Leben selbst in die Hand nehmen und zielsicher den eigenen Weg finden \u2013 das wird Ihr zuk\u00fcnftiges Tun sein.<\/p>\n\n\n\n<p class=\"has-blue-color has-text-color\" style=\"line-height:1.3\"><em>Leben ist Organisation und Ordnung.<\/em><br><em>Kosmos bedeutet Ordnung.<\/em><\/p>\n<\/div>\n\n\n\n<div class=\"wp-block-column is-layout-flow wp-block-column-is-layout-flow\" style=\"flex-basis:25%\"><\/div>\n<\/div>\n","protected":false},"excerpt":{"rendered":"<p>Werde zum aktiven Gestalter Deines Lebens! &#8222;Leben ist Spiel und Spiel ist Leben!&#8220; [Walter St\u00fctzle] Meine Methode ist f\u00fcr alle Menschen gedacht, die Bedenken, Zweifel und \u00c4ngste haben und deren Lebensflu\u00df ins Stocken geraten ist. Lebensblockaden erkennen und L\u00f6sungsans\u00e4tze finden m\u00f6chten. ihre Lebens-Ziele entdecken und umsetzen m\u00f6chten, \u201eLebens-Entwicklung\u201c. ihre neue Lebensphase, ihre Visionen und Ideen&hellip; <a class=\"more-link\" href=\"https:\/\/diessldesign.de\/index.php\/lebens-gestaltung\/\"><span class=\"screen-reader-text\">Lebens-Gestaltung<\/span> weiterlesen<\/a><\/p>\n","protected":false},"author":1,"featured_media":203,"parent":0,"menu_order":0,"comment_status":"closed","ping_status":"closed","template":"","meta":{"footnotes":""},"class_list":["post-57","page","type-page","status-publish","has-post-thumbnail","hentry","entry"],"_links":{"self":[{"href":"https:\/\/diessldesign.de\/index.php\/wp-json\/wp\/v2\/pages\/57","targetHints":{"allow":["GET"]}}],"collection":[{"href":"https:\/\/diessldesign.de\/index.php\/wp-json\/wp\/v2\/pages"}],"about":[{"href":"https:\/\/diessldesign.de\/index.php\/wp-json\/wp\/v2\/types\/page"}],"author":[{"embeddable":true,"href":"https:\/\/diessldesign.de\/index.php\/wp-json\/wp\/v2\/users\/1"}],"replies":[{"embeddable":true,"href":"https:\/\/diessldesign.de\/index.php\/wp-json\/wp\/v2\/comments?post=57"}],"version-history":[{"count":39,"href":"https:\/\/diessldesign.de\/index.php\/wp-json\/wp\/v2\/pages\/57\/revisions"}],"predecessor-version":[{"id":521,"href":"https:\/\/diessldesign.de\/index.php\/wp-json\/wp\/v2\/pages\/57\/revisions\/521"}],"wp:featuredmedia":[{"embeddable":true,"href":"https:\/\/diessldesign.de\/index.php\/wp-json\/wp\/v2\/media\/203"}],"wp:attachment":[{"href":"https:\/\/diessldesign.de\/index.php\/wp-json\/wp\/v2\/media?parent=57"}],"curies":[{"name":"wp","href":"https:\/\/api.w.org\/{rel}","templated":true}]}}